ase 2?
-11110101111
What is -4304 (base 5) in base 2?
-1001000011
What is -2425 (base 7) in base 14?
-485
Convert 27511 (base 8) to base 6.
132013
-41110 (base 5) to base 9
-3570
Convert 102660 (base 7) to base 3.
220110100
-1101100212 (base 3) to base 13
-c524
Convert -11143 (base 7) to base 5.
-42244
2310 (base 4) to base 10
180
What is 1222210 (base 3) in base 14?
75a
Convert -123223 (base 6) to base 13.
-5091
Convert 2422 (base 7) to base 6.
4054
Convert -242632 (base 7) to base 4.
-22302331
2313 (base 15) to base 9
11180
What is 1033 (base 10) in base 15?
48d
What is -36213 (base 7) in base 10?
-9369
What is 3244 (base 5) in base 13?
287
What is -1020012 (base 3) in base 5?
-12041
-384 (base 16) to base 5
-12100
What is 1633a (base 15) in base 16?
117b5
Convert -1592 (base 12) to base 16.
-9fe
Convert -200211 (base 3) to base 12.
-364
-100110 (base 2) to base 10
-38
-10121122 (base 3) to base 8
-5114
101100001010 (base 2) to base 3
10212200
Convert 2011121011 (base 3) to base 2.
1010011011011110
Convert -10111 (base 7) to base 4.
-212122
What is 36a (base 14) in base 16?
2aa
Convert -2762 (base 15) to base 11.
-6362
What is 12122 (base 3) in base 14?
ac
202 (base 11) to base 15
114
What is -111b (base 12) in base 5?
-30040
Convert 223a (base 15) to base 9.
10851
4403 (base 14) to base 12
6983
What is -2270 (base 8) in base 13?
-71c
Convert -11210110 (base 4) to base 5.
-1212204
What is 6495 (base 10) in base 5?
201440
What is 46c (base 13) in base 12?
53a
Convert -19031 (base 11) to base 2.
-110100000011110
31240 (base 5) to base 12
1246
1145 (base 6) to base 15
13b
-9073 (base 12) to base 5
-1000024
What is -11211 (base 3) in base 6?
-334
What is 23824 (base 11) in base 8?
102735
5c9 (base 16) to base 13
89c
Convert -32716 (base 10) to base 15.
-9a61
Convert 4122 (base 11) to base 10.
5469
4470 (base 9) to base 10
3303
Convert -1213 (base 8) to base 11.
-542
What is b02 (base 14) in base 5?
32113
Convert -17761 (base 8) to base 7.
-32561
-23242 (base 10) to base 15
-6d47
-2224 (base 6) to base 2
-1000001000
-3450 (base 7) to base 6
-5500
What is -1103023 (base 4) in base 15?
-189d
Convert 17818 (base 9) to base 10.
12329
What is 153 (base 15) in base 11?
256
34402 (base 5) to base 12
1525
Convert 193 (base 14) to base 5.
2300
Convert 397b (base 13) to base 11.
6198
32531 (base 7) to base 2
1111111011100
20559 (base 12) to base 5
2323021
Convert -446 (base 12) to base 2.
-1001110110
What is 21606 (base 7) in base 12?
3199
What is 12003 (base 10) in base 16?
2ee3
-411 (base 12) to base 5
-4324
What is -11cc2 (base 13) in base 12?
-17094
130a1 (base 11) to base 13
86bc
209 (base 14) to base 11
335
What is 12053 (base 6) in base 12?
1029
Convert -15565 (base 7) to base 8.
-10470
What is 20330233 (base 4) in base 5?
2133110
Convert -3053 (base 9) to base 15.
-9e0
Convert -44663 (base 7) to base 3.
-120112002
-3132031 (base 4) to base 9
-21451
What is 111 (base 5) in base 13?
25
10000011100001 (base 2) to base 11
6362
-21202 (base 3) to base 11
-180
What is 2688 (base 9) in base 7?
5621
5e (base 16) to base 8
136
-1478 (base 11) to base 15
-86a
698 (base 14) to base 9
1715
What is -5262 (base 12) in base 8?
-21452
What is -401022 (base 5) in base 6?
-134301
What is -34102 (base 5) in base 16?
-962
1203 (base 5) to base 13
109
1111010 (base 2) to base 4
1322
Convert -14d5 (base 14) to base 13.
-18ca
What is 27351 (base 8) in base 16?
2ee9
Convert 1572 (base 9) to base 8.
2257
469 (base 10) to base 9
571
Convert -375 (base 9) to base 15.
-15b
Convert 5121 (base 6) to base 9.
1484
What is 10230 (base 4) in base 14?
176
-11300 (base 4) to base 7
-1034
Convert 142123 (base 5) to base 9.
8100
167b9 (base 13) to base 5
2334303
Convert -50435 (base 8) to base 14.
-77d3
232201 (base 4) to base 15
d37
What is 502 (base 14) in base 3?
1100101
Convert -12230 (base 4) to base 2.
-110101100
Convert 121314 (base 5) to base 10.
4584
Convert -153 (base 11) to base 5.
-1204
-34131 (base 7) to base 15
-2866
Convert 111420 (base 6) to base 15.
2be9
Convert 734 (base 8) to base 9.
578
Convert 1514 (base 9) to base 3.
1120111
What is 4ec0 (base 16) in base 7?
112530
What is -10011000010 (base 2) in base 11?
-a08
Convert -1000111220 (base 3) to base 15.
-5e23
Convert 3901 (base 15) to base 4.
2331313
Convert -965b (base 13) to base 8.
-50577
What is 1123 (base 4) in base 2?
1011011
742 (base 8) to base 7
1256
What is 20030 (base 4) in base 2?
1000001100
What is -117 (base 8) in base 9?
-87
What is 42030 (base 5) in base 14?
1017
ec0 (base 16) to base 3
12011212
Convert 100330130 (base 4) to base 13.
2578a
What is 2421010 (base 5) in base 8?
130112
What is 189a (base 15) in base 14?
1d20
Convert 13134 (base 10) to base 13.
5c94
7397 (base 12) to base 10
12643
What is 24d (base 15) in base 8?
1013
What is -153 (base 6) in base 15?
-49
Convert 178a (base 11) to base 7.
6431
What is -100371 (base 8) in base 12?
-17135
9f91 (base 16) to base 12
1b781
5210 (base 16) to base 10
21008
-a77 (base 12) to base 11
-1172
10011111 (base 2) to base 6
423
What is -1f9a (base 16) in base 11?
-6095
Convert 234150 (base 6) to base 12.
b956
147 (base 12) to base 15
d4
What is 1464 (base 14) in base 12?
2114
Convert ec6 (base 15) to base 8.
6410
What is 1334 (base 8) in base 6?
3220
Convert 43421 (base 6) to base 13.
2959
What is -221003 (base 4) in base 9?
-3538
What is -420320 (base 6) in base 4?
-20100120
-10422 (base 5) to base 15
-342
221110121 (base 3) to base 7
105061
What is 14113 (base 5) in base 12?
806
-290 (base 12) to base 14
-204
Convert -240 (base 16) to base 12.
-400
Convert -1110101010 (base 2) to base 3.
-1021202
What is -2baa (base 12) in base 6?
-35534
Convert -1420 (base 5) to base 9.
-281
11808 (base 11) to base 15
504d
-353320 (base 6) to base 9
-45843
What is -102012021 (base 3) in base 16?
-1fe1
Convert 120012020 (base 3) to base 16.
2b44
Convert -431420 (base 5) to base 10.
-14610
What is 10401 (base 9) in base 16?
1ae6
2a4b (base 12) to base 8
11533
Convert 20112221 (base 3) to base 11.
3653
What is 1102020 (base 3) in base 6?
4440
Convert -255 (base 7) to base 8.
-212
-157 (base 8) to base 7
-216
Convert 4133 (base 5) to base 12.
393
Convert 3425 (base 7) to base 8.
2334
What is -12a9 (base 16) in base 8?
-11251
What is -15941 (base 10) in base 5?
-1002231
Convert -185 (base 15) to base 14.
-1b0
-44211 (base 8) to base 9
-27422
What is -3a3 (base 14) in base 16?
-2db
What is -1001111101000 (base 2) in base 12?
-2b48
What is -352112 (base 6) in base 3?
-1112112122
-531 (base 15) to base 8
-2223
Convert 3102 (base 5) to base 15.
1bc
Convert bca (base 14) to base 5.
33314
6604 (base 15) to base 4
11101210
What is -76208 (base 9) in base 11?
-34a13
Convert 3dd0 (base 16) to base 14.
5aa4
Convert 1c552 (base 13) to base 10.
55837
What is -100602 (base 7) in base 13?
-7a28
What is -10101111110110 (base 2) in base 12?
-661a
Convert 718 (base 10) to base 4.
23032
Convert -3cc (base 13) to base 2.
-1010100011
What is -224433 (base 5) in base 12?
-4846
Convert -28 (base 14) to base 12.
-30
Convert -ce1 (base 16) to base 3.
-11112010
1310214 (base 5) to base 9
38207
314 (base 12) to base 16
1c0
What is 795 (base 16) in base 3?
2122220
What is 212002 (base 3) in base 14?
327
Convert 412 (base 13) to base 6.
3111
12202 (base 5) to base 3
1021100
What is 3515 (base 6) in base 9?
1132
-2160 (base 10) to base 15
-990
What is 425226 (base 7) in base 11?
50549
What is 894 (base 15) in base 12?
1157
Convert 1101010101010 (base 2) to base 11.
5146
Convert -9166 (base 15) to base 12.
-15920
What is 22663 (base 7) in base 5?
141302
Convert -3cb (base 14) to base 10.
-767
What is 21202 (base 4) in base 8?
1142
Convert -15322 (base 6) to base 3.
-10102112
What is -13212 (base 4) in base 9?
-600
26c (base 16) to base 9
758
What is 144100 (base 7) in base 12?
14134
Convert 645 (base 12) to base 7.
2450
What is 759d (base 15) in base 2?
110000101000010
What is -1021012211 (base 3) in base 13?
-b479
16d (base 14) to base 13
197
-2311 (base 4) to base 3
-20201
6ba (base 15) to base 5
22100
10202202 (base 3) to base 16
abb
What is -21133 (base 4) in base 8?
-1137
What is -284 (base 15) in base 8?
-1076
What is 1100000 (base 2) in base 13?
75
Convert 1e3 (base 15) to base 6.
2010
Conv